 6*m - 12. Let c be n(8). What is f(c)?
5
Let y = -3 + 9. Let c(p) = -p + 3. Let m(s) = 2*s - 1. Let b(q) = 3*c(q) + m(q). Calculate b(y).
2
Let q(t) be the first derivative of 2*t**3/3 + t**2/2 - 19*t - 20. Let g(c) be the first derivative of q(c). Determine g(1).
5
Let u be 9 - (-20)/(-12)*3. Suppose u*v = -5*h + 26, 5*h - 2*h - 26 = -5*v. Let p(i) = i - 2. Give p(h).
0
Let j(h) = -352266 + 352263 + 2*h - h. Let d be 41/4 - (-1)/(-4). Suppose -2*i - 2*f + 8 = -d, 4*i = 2*f + 12. What is j(i)?
2
Let r(f) = f**2 - 3*f + 1. Let b be 8 + 2/(-1) + -2. Suppose 0*o + 6 = 5*w + b*o, -3*o = -2*w + 7. Determine r(w).
-1
Let o(c) be the second derivative of 2*c**3 - 14*c**2 + 376*c. Give o(3).
8
Let n(s) = -s - 1. Let v be n(-5). Suppose 0 = 2*u + 3*a, 5*u - 50 = 3*a + 2*a. Let q(f) = v*f - 2*f + f**2 - f**3 + u - 3*f. Determine q(0).
6
Let n(r) = -4*r - 2. Let d(v) = 2 + 6*v - 6*v + 5*v. Let q(f) = 5*d(f) + 6*n(f). Suppose -16 = 4*a + 2*p, -4*p - 20 = 6*a - 2*a. What is q(a)?
-5
Let r be ((-2)/(-1))/(3/(-9)). Let q(f) = f**3 + 7*f**2 + 4*f - 5. Determine q(r).
7
Suppose k - 5 = -3. Let h(w) = 6 - 3 - w + k + 0. Let q be h(3). Let x(o) = 5*o + 1. What is x(q)?
11
Let f(k) = -13*k. Let h(a) = -23 + 1394*a**3 + 6*a**2 + 23*a - 1395*a**3 + 15*a**2. Let r be h(22). What is f(r)?
13
Let g(k) = -k**3 - 4*k**2 + 4. Suppose 0 = 4*i, 2*z + 5*i + 52 = i. Let w = z - -45. Suppose 4*l = 2*a + 2, 6*a + 4*l = a - w. Calculate g(a).
-5
Suppose 92 = -21*f - 34. Let m(v) = -v**2 - 9*v - 11. What is m(f)?
7
Suppose 5*o + 3 - 13 = 0. Let b(r) be the third derivative of r**5/20 + r**4/24 - r**3/3 - 334*r**2. Calculate b(o).
12
Let s(q) be the third derivative of -q**7/5040 - q**6/180 + 29*q**5/60 + 43*q**2. Let b(u) be the third derivative of s(u). Determine b(-7).
3
Suppose 2*a - 12 = -4*i, -2*i = -11*a + 13*a - 6. Let j(t) be the second derivative of 0*t**2 + 0*t**3 + 3*t + a - 1/6*t**4. Give j(1).
-2
Let b(m) = -7*m**2 + m - 5. Let t(h) be the first derivative of -8*h**3/3 + h**2/2 - 6*h - 5. Let w(u) = 7*b(u) - 6*t(u). Determine w(2).
-1
Let w(t) = -2*t + 7. Suppose 5*f = -4*a + 14, a = -f - 1 + 3. Let j be w(f). Let k(v) = -3*v**2 - v - v**2 + 274 + 2*v**2 + v**2 - 267. What is k(j)?
-13
Let p(u) = 41*u + 7. Let g(i) = -42*i - 9. Let w(c) = 3*g(c) + 4*p(c). Determine w(1).
39
Let o(v) = -11*v - 1. Let a(l) = 2*l**3 + 11*l**2 - 9*l - 14. Let b(p) = p**3 + 5*p**2 - 4*p - 7. Let q(j) = 2*a(j) - 5*b(j). Let g be q(-3). Give o(g).
-12
Let r(x) = -x**2 + 6*x + 9. Suppose 0*v - 5*v = -25. Suppose 3*w = 4*w + 2*h - v, -2*h = 3*w - 19. What is r(w)?
2
Let y(z) be the first derivative of -z**2/2 + z + 108. Determine y(-1).
2
Let o = 31 - 31. Suppose o*m = -2*m - 16. Let v(d) = d**2 + 9*d + 2. Determine v(m).
-6
Let n(b) = 6*b - 4. Let u be n(1). Suppose h + 23 = 4*d, -4*h + u*d - 15 = -3*h. Let i(f) = -f**2 - 5*f - 8. What is i(h)?
-22
Let b(n) = 4*n**2 + 5. Let a(q) = 5*q**2 + 5 - q**2 + 1 + 0*q**2. Let s(x) = -4*a(x) + 5*b(x). Suppose -5 + 1 = 4*p. What is s(p)?
5
Suppose 48 = -328*k + 336*k. Let w(u) = u**2 - 4*u + 3. What is w(k)?
15
Let j(h) = 3*h**2 - 26*h - 1. Let z(m) = 1419 + m**2 - 1419 - 9*m. Let l(u) = 3*j(u) - 8*z(u). Give l(6).
-3
Let t(z) = -3*z - 12. Let c be t(-7). Let v(m) be the third derivative of m**5/60 - m**4/3 - 4*m**3/3 - 7*m**2 + 1. Determine v(c).
1
Suppose 0 = -4*t + 3*b + 14 + 5, 4*t + 3*b - 37 = 0. Let j = -5 + t. Let h(f) = 4*f - 41 + 36 - j*f. Give h(6).
7
Let w(z) be the first derivative of 5*z**2 - 7*z - 1/3*z**3 - 5. Give w(9).
2
Let q(u) = -5*u**3 - 2*u**2 - u. Suppose 1 = 2*r - 7, -2*m + 3*r - 6 = 0. Suppose l - m = 4*l. Calculate q(l).
4
Let g(b) be the third derivative of b**6/120 + b**5/15 + b**4/6 - b**3/6 + 8*b**2. Let y be 0*(-2)/(-4) - 3. Calculate g(y).
-4
Suppose -6*o = -11*o + y + 4, -o + 3 = 2*y. Let q(u) = 1 - 13*u + 2 - 4. Calculate q(o).
-14
Let j(i) be the first derivative of i**2 - 4*i - 3. Let d(b) = -2 - 15*b**3 + 5*b**2 + 7 + 14*b**3 + 6*b. Let k be d(6). What is j(k)?
6
Let w(j) = -j**2 + 5*j - 2. Suppose 5*f - 18 = 2. Calculate w(f).
2
Let w(q) = -2*q. Let j(g) = -5*g. Suppose d = -3*z - 4 - 22, -4*d = -2*z - 8. Let l(n) = z*w(n) + 3*j(n). Give l(-1).
-1
Suppose 20 = 4*x, 2*x - 4*x = -5*r. Let j(i) = -9*i - 1. Calculate j(r).
-19
Let r(i) = -i**2 - 4*i + 3. Let g be 4/11*(-110)/(-20). Calculate r(g).
-9
Let w(o) be the third derivative of -o**5/60 + 7*o**4/24 - o**3 + 3*o**2. Let k(t) = t**2 + t - 3. Let v be k(-5). Let g(r) = r - 12. Let n be g(v). Give w(n).
4
Let b(z) = z**2 - 4*z. Suppose 0*k - 20 = -5*k. Suppose 5*u - 15 = 0, 5*x - 52 = -u - 3*u. Suppose k*c - x = 2*c. Give b(c).
0
Let t be -6*2*(-4)/(-8). Let a be t/(-4)*(-80)/(-24). Suppose 2*i + 14 = 2*g, -4*i + a*g = -i + 29. Let z(k) = k**2 + 3*k - 2. What is z(i)?
-2
Let d(n) be the first derivative of n**3/3 - 3*n**2/2 - 112. Give d(5).
10
Let l(y) = 7*y + 22. Let b be l(-4). Let o(z) = z**3 + 7*z**2 + 5*z - 8. What is o(b)?
-2
Let h(f) = -f**2 - f - 14. Let o = -906 - -906. What is h(o)?
-14
Let l(n) be the first derivative of -n**4/24 + 13*n**2 - 9. Let u(m) be the second derivative of l(m). Calculate u(2).
-2
Let b(i) = i**3 - 8*i**2 + 8*i + 3. Let l be 3/(-6) + (-278)/4. Let h = l + 76. Determine b(h).
-21
Let m(y) = -y**3 + y + 7*y**2 + 2*y - 1 - 7*y + 3. What is m(6)?
14
Let u(k) = k - 4. Let n be (-10)/15*(-4 + 22). Let s be 8/6*(-3 - n/(-8)). Determine u(s).
-10
Let d(r) = -69*r**2 - 67*r**2 - 64*r**2 - r**3 - 7 + 199*r**2 + 2*r. Calculate d(0).
-7
Let c(u) = -94*u - 30 + 33*u + 32*u + 31*u. What is c(14)?
-2
Let g(b) = -b + 1. Let p(f) = -8*f**3 + f - 2. Let q(c) = -3*g(c) - p(c). Suppose m = -3*z, -10*z + 8*z - 3*m = 7. Give q(z).
9
Let a(r) be the second derivative of -3*r**3/2 + 69*r. What is a(2)?
-18
Let k(o) = 16*o - 12*o - 22 + 22. Calculate k(-2).
-8
Suppose 4 = -3*n + 7*y - 3*y, -5*y = 5*n - 5. Let x(g) = g + 9. What is x(n)?
9
Let p = 5 + -7. Let h(m) be the third derivative of 7*m**2 - 1/20*m**5 - 1/60*m**6 + 0*m - 1/24*m**4 + 0 + 1/6*m**3. Determine h(p).
7
Let k = 43 + -52. Let x(s) = s**2 + 7*s - 13. Determine x(k).
5
Let f(o) = o - 1. Let j(n) = -n**2 - 11*n - 1. Let m be (-3)/9 - 48/(-9). Let g(t) = m*f(t) + j(t). Let d = 125 - 129. Calculate g(d).
2
Let z(y) = -2*y**2 - 4*y - 3 - 17*y**2 + 18*y**2. Give z(-4).
-3
Let f(o) be the second derivative of o**3/2 - 3*o**2/2 - o. Let p = -1188 + 1184. Determine f(p).
-15
Let s = 115 - 108. Let z(r) = r**3 - 6*r**2 - 8*r + 7. Give z(s).
0
Let z(s) = -s**2 + 52 + 4*s - 112 + 54. Calculate z(3).
-3
Let c(y) = -8 - 7*y + 6 + 6*y**2 - 4*y**2 - 7. Let k be c(5). Let m(d) be the second derivative of -d**4/12 + 5*d**3/6 + 4*d**2 + d. Calculate m(k).
2
Let k be 30/(-1)*(-22)/66. Let c(r) = -r**3 + 10*r**2 + 4*r - 32. Give c(k).
8
Suppose 9*s - 177 - 192 = 0. Let t(m) = -4*m - s + 41. Calculate t(2).
-8
Let r(c) = -2*c. Let w be r(3). Let m(l) be the first derivative of 1/4*l**4 + 7/3*l**3 - 8*l + 16 + 2*l**2. Determine m(w).
4
Let s(r) = 870 - 877 + 6*r - 2*r. Suppose -5*k = -5*g + 30, 3*k - 33 = -5*g - 11. Determine s(g).
13
Let r = -9 - -5. Let y(t) = t**3 - t. Let k(g) = g**3 - g - 1. Let z(b) = r*y(b) + 3*k(b). Suppose -4*n - 3*h = -9, -4*n = n - 3*h + 9. What is z(n)?
-3
Let v = 38 - 42. Let l(y) be the first derivative of -y**4/4 - 5*y**3/3 - y**2/2 + 5*y + 45. What is l(v)?
-7
Let k be ((-3)/1 + 4)*(-6 + 7). Let s(x) = 5*x**3 + 2*x**2 - 3*x + 1. Give s(k).
5
Let n(i) = -i - 3. Let o be n(0). Let t(k) = 15*k**3 + 4 + 2*k**2 + 2*k - 4*k - 14*k**3 + 5*k. Give t(o).
-14
Let y(v) = 7*v**3 - v**2 + 2*v + 12. Let g(m) = 4*m**3 - m**2 + 2*m + 6. Let h(c) = 5*g(c) - 3*y(c). Determine h(-4).
10
Let r(d) be the third derivative of d**5/60 - d**4/24 + d**3/6 + d**2. Let f(z) = -z**2 + 13*z + 12. Let a = -40 + 54. Let v be f(a). What is r(v)?
7
Let x be (0 - -5)/(0 - -1). Suppose -2*u + 4*u - 8 = -x*s, -4*s - 14 = 5*u. Let r(y) = y**2 + 5*y + 3. Determine r(u).
9
Let y(h) = -h**2 + 10*h - 3. Suppose 4*x + 3*f + f = 32, 4*x + 5*f = 29. What is y(x)?
-14
Let b = -375 - -379. Let z(g) be the first derivative of -g**2/2 - 3*g + 3. Calculate z(b).
-7
Let c(m) = 6*m - 4. Let r(j) = -j**2 - 4*j - 1. Let y be r(-1). Give c(y).
8
Let u be (-276)/45 - (-6)/45. Let d(i) = -i**3 + 1 - 7*i**2 - i**2 + i**2 - 7 - 